{"id":8867,"date":"2017-06-13T08:27:32","date_gmt":"2017-06-13T06:27:32","guid":{"rendered":"http:\/\/tikiparcmoorea.com\/?page_id=8867"},"modified":"2024-03-07T01:44:31","modified_gmt":"2024-03-07T00:44:31","slug":"tikiiti","status":"publish","type":"page","link":"https:\/\/tikiparcmoorea.com\/?page_id=8867","title":{"rendered":"Tiki Iti"},"content":{"rendered":"<p>[vc_row row_style=&#8221;full-width&#8221; padding_size=&#8221;no-padding&#8221;][vc_column padding_size=&#8221;no-padding&#8221;][wyde_section_separator reflect=&#8221;reflect-h&#8221; background_color=&#8221;#ffffff&#8221; shape_color=&#8221;#3ab54a&#8221;][\/vc_column][\/vc_row][vc_row][vc_column width=&#8221;1\/3&#8243;][wyde_heading style=&#8221;8&#8243; text_align=&#8221;left&#8221; title=&#8221;Niveau 2<br \/>\n11 Ateliers&#8221;][vc_empty_space height=&#8221;20px&#8221;][vc_row_inner][vc_column_inner background_color=&#8221;#81d742&#8243;][wyde_info_box icon_set=&#8221;farming&#8221; icon_size=&#8221;large&#8221; color=&#8221;#fee299&#8243;]<\/p>\n<h3><span style=\"color: #ffffff;\">Pont de lianes<br \/>\nTyroliennes<br \/>\nPont n\u00e9palais<br \/>\nFilet \u00e0 marcher<br \/>\nBalan\u00e7oires<br \/>\nPont de singe<\/span><br \/>\n<span style=\"color: #ffffff;\">Pont de cordes<\/span><br \/>\n<span style=\"color: #ffffff;\">Pont zig zag<\/span><br \/>\n<span style=\"color: #ffffff;\">Poutres suspendues<\/span><\/h3>\n<p>[\/wyde_info_box][\/vc_column_inner][\/vc_row_inner][\/vc_column][vc_column width=&#8221;2\/3&#8243;][vc_single_image alignment=&#8221;center&#8221; image=&#8221;11&#8243;][vc_column_text]<\/p>\n<p><span style=\"font-size: 14pt; color: #000000;\"><strong>Le parcours d\u00e9couverte, ni trop haut, ni trop difficile, les premiers pas le parcours acrobatique.<\/strong><\/span><\/p>\n<p><span style=\"font-size: 12pt;\"><strong>Enfants : \u00e0 partir de 8 ans<br \/>Taille minimum : 1,10 m<br \/>Poids : 110 Kgs max<br \/>Engagement physique : moyen<br \/>Hauteur plateformes : 5 m maximum (\u00e9vitement possible)<br \/>Encadrement : en autonomie<br \/>\u00c9quipement : Baudrier complet<br \/>Longueur maximum des tyroliennes : 10 m<\/strong><\/span><\/p>\n<p>[\/vc_column_text][vc_empty_space height=&#8221;40px&#8221;][wyde_image_gallery image_size=&#8221;gogreen-large&#8221; gallery_type=&#8221;slider&#8221; visible_items=&#8221;4&#8243; show_pagination=&#8221;true&#8221; auto_play=&#8221;true&#8221; images=&#8221;9173,9011,9166,9169&#8243;][\/vc_column][\/vc_row][vc_row padding_size=&#8221;s-padding&#8221; background_mode=&#8221;image&#8221; bg_image_url=&#8221;http:\/\/tikiparcmoorea.com\/wp-content\/uploads\/2017\/05\/maintenance2-150&#215;150.jpg&#8221; background_image=&#8221;7&#8243;][vc_column text_style=&#8221;light&#8221; text_align=&#8221;center&#8221;][vc_column_text]<\/p>\n<h2>Le Tiki Parc Moorea vous accueille tous les jours*<br \/>De 9H \u00e0 16H. Derni\u00e8res entr\u00e9es \u00e0 14H<\/h2>\n<p><span style=\"color: #ffffff;\">*Ferm\u00e9 le lundi hors vacances scolaires<\/span><\/p>\n<p>[\/vc_column_text][vc_empty_space height=&#8221;20px&#8221;][vc_empty_space height=&#8221;50px&#8221;][\/vc_column][\/vc_row]<\/p>\n","protected":false},"excerpt":{"rendered":"<p>[vc_row row_style=&#8221;full-width&#8221; padding_size=&#8221;no-padding&#8221;][vc_column padding_size=&#8221;no-padding&#8221;][wyde_section_separator reflect=&#8221;reflect-h&#8221; background_color=&#8221;#ffffff&#8221; shape_color=&#8221;#3ab54a&#8221;][\/vc_column][\/vc_row][vc_row][vc_column width=&#8221;1\/3&#8243;][wyde_heading style=&#8221;8&#8243; text_align=&#8221;left&#8221; title=&#8221;Niveau 2 11 Ateliers&#8221;][vc_empty_space height=&#8221;20px&#8221;][vc_row_inner][vc_column_inner background_color=&#8221;#81d742&#8243;][wyde_info_box icon_set=&#8221;farming&#8221; icon_size=&#8221;large&#8221; color=&#8221;#fee299&#8243;] Pont de lianes Tyroliennes Pont n\u00e9palais Filet \u00e0 marcher Balan\u00e7oires Pont de singe Pont de cordes Pont zig zag Poutres suspendues [\/wyde_info_box][\/vc_column_inner][\/vc_row_inner][\/vc_column][vc_column width=&#8221;2\/3&#8243;][vc_single_image alignment=&#8221;center&#8221; image=&#8221;11&#8243;][vc_column_text] Le parcours d\u00e9couverte, ni trop haut, ni trop difficile, les premiers [&hellip;]<\/p>\n","protected":false},"author":1,"featured_media":0,"parent":0,"menu_order":0,"comment_status":"closed","ping_status":"closed","template":"","meta":{"_mi_skip_tracking":false,"footnotes":""},"class_list":["post-8867","page","type-page","status-publish","hentry"],"yoast_head":"<!-- This site is optimized with the Yoast SEO plugin v20.1 - https:\/\/yoast.com\/wordpress\/plugins\/seo\/ -->\n<title>Tiki Iti - Tiki Parc Moorea<\/title>\n<meta name=\"description\" content=\"Voici notre parcours \u00ab\u00a0Tiki Iti\u00a0\u00bb. Ce parcours sera parfait pour d\u00e9buter et tester notre capacit\u00e9 \u00e0 \u00eatre \u00e0 l\u2019aise avec la hauteur.\" \/>\n<meta name=\"robots\" content=\"index, follow, max-snippet:-1, max-image-preview:large, max-video-preview:-1\" \/>\n<link rel=\"canonical\" href=\"https:\/\/tikiparcmoorea.com\/?page_id=8867\" \/>\n<meta property=\"og:locale\" content=\"fr_FR\" \/>\n<meta property=\"og:type\" content=\"article\" \/>\n<meta property=\"og:title\" content=\"Tiki Iti - Tiki Parc Moorea\" \/>\n<meta property=\"og:description\" content=\"Voici notre parcours \u00ab\u00a0Tiki Iti\u00a0\u00bb. Ce parcours sera parfait pour d\u00e9buter et tester notre capacit\u00e9 \u00e0 \u00eatre \u00e0 l\u2019aise avec la hauteur.\" \/>\n<meta property=\"og:url\" content=\"https:\/\/tikiparcmoorea.com\/?page_id=8867\" \/>\n<meta property=\"og:site_name\" content=\"Tiki Parc Moorea\" \/>\n<meta property=\"article:publisher\" content=\"https:\/\/www.facebook.com\/\" \/>\n<meta property=\"article:modified_time\" content=\"2024-03-07T00:44:31+00:00\" \/>\n<meta name=\"twitter:card\" content=\"summary_large_image\" \/>\n<meta name=\"twitter:label1\" content=\"Dur\u00e9e de lecture estim\u00e9e\" \/>\n\t<meta name=\"twitter:data1\" content=\"1 minute\" \/>\n<script type=\"application\/ld+json\" class=\"yoast-schema-graph\">{\"@context\":\"https:\/\/schema.org\",\"@graph\":[{\"@type\":\"WebPage\",\"@id\":\"https:\/\/tikiparcmoorea.com\/?page_id=8867\",\"url\":\"https:\/\/tikiparcmoorea.com\/?page_id=8867\",\"name\":\"Tiki Iti - Tiki Parc Moorea\",\"isPartOf\":{\"@id\":\"https:\/\/tikiparcmoorea.com\/#website\"},\"datePublished\":\"2017-06-13T06:27:32+00:00\",\"dateModified\":\"2024-03-07T00:44:31+00:00\",\"description\":\"Voici notre parcours \u00ab\u00a0Tiki Iti\u00a0\u00bb. Ce parcours sera parfait pour d\u00e9buter et tester notre capacit\u00e9 \u00e0 \u00eatre \u00e0 l\u2019aise avec la hauteur.\",\"breadcrumb\":{\"@id\":\"https:\/\/tikiparcmoorea.com\/?page_id=8867#breadcrumb\"},\"inLanguage\":\"fr-FR\",\"potentialAction\":[{\"@type\":\"ReadAction\",\"target\":[\"https:\/\/tikiparcmoorea.com\/?page_id=8867\"]}]},{\"@type\":\"BreadcrumbList\",\"@id\":\"https:\/\/tikiparcmoorea.com\/?page_id=8867#breadcrumb\",\"itemListElement\":[{\"@type\":\"ListItem\",\"position\":1,\"name\":\"Accueil\",\"item\":\"https:\/\/tikiparcmoorea.com\/\"},{\"@type\":\"ListItem\",\"position\":2,\"name\":\"Tiki Iti\"}]},{\"@type\":\"WebSite\",\"@id\":\"https:\/\/tikiparcmoorea.com\/#website\",\"url\":\"https:\/\/tikiparcmoorea.com\/\",\"name\":\"Tiki Parc Moorea\",\"description\":\"\u00c9vadez-vous\",\"publisher\":{\"@id\":\"https:\/\/tikiparcmoorea.com\/#organization\"},\"potentialAction\":[{\"@type\":\"SearchAction\",\"target\":{\"@type\":\"EntryPoint\",\"urlTemplate\":\"https:\/\/tikiparcmoorea.com\/?s={search_term_string}\"},\"query-input\":\"required name=search_term_string\"}],\"inLanguage\":\"fr-FR\"},{\"@type\":\"Organization\",\"@id\":\"https:\/\/tikiparcmoorea.com\/#organization\",\"name\":\"Tiki Parc Moorea\",\"url\":\"https:\/\/tikiparcmoorea.com\/\",\"logo\":{\"@type\":\"ImageObject\",\"inLanguage\":\"fr-FR\",\"@id\":\"https:\/\/tikiparcmoorea.com\/#\/schema\/logo\/image\/\",\"url\":\"https:\/\/tikiparcmoorea.com\/wp-content\/uploads\/2025\/08\/LOGO-OFFICIELLE2.png\",\"contentUrl\":\"https:\/\/tikiparcmoorea.com\/wp-content\/uploads\/2025\/08\/LOGO-OFFICIELLE2.png\",\"width\":5000,\"height\":5000,\"caption\":\"Tiki Parc Moorea\"},\"image\":{\"@id\":\"https:\/\/tikiparcmoorea.com\/#\/schema\/logo\/image\/\"},\"sameAs\":[\"https:\/\/www.facebook.com\/\",\"https:\/\/www.instagram.com\/\"]}]}<\/script>\n<!-- \/ Yoast SEO plugin. -->","yoast_head_json":{"title":"Tiki Iti - Tiki Parc Moorea","description":"Voici notre parcours \u00ab\u00a0Tiki Iti\u00a0\u00bb. Ce parcours sera parfait pour d\u00e9buter et tester notre capacit\u00e9 \u00e0 \u00eatre \u00e0 l\u2019aise avec la hauteur.","robots":{"index":"index","follow":"follow","max-snippet":"max-snippet:-1","max-image-preview":"max-image-preview:large","max-video-preview":"max-video-preview:-1"},"canonical":"https:\/\/tikiparcmoorea.com\/?page_id=8867","og_locale":"fr_FR","og_type":"article","og_title":"Tiki Iti - Tiki Parc Moorea","og_description":"Voici notre parcours \u00ab\u00a0Tiki Iti\u00a0\u00bb. Ce parcours sera parfait pour d\u00e9buter et tester notre capacit\u00e9 \u00e0 \u00eatre \u00e0 l\u2019aise avec la hauteur.","og_url":"https:\/\/tikiparcmoorea.com\/?page_id=8867","og_site_name":"Tiki Parc Moorea","article_publisher":"https:\/\/www.facebook.com\/","article_modified_time":"2024-03-07T00:44:31+00:00","twitter_card":"summary_large_image","twitter_misc":{"Dur\u00e9e de lecture estim\u00e9e":"1 minute"},"schema":{"@context":"https:\/\/schema.org","@graph":[{"@type":"WebPage","@id":"https:\/\/tikiparcmoorea.com\/?page_id=8867","url":"https:\/\/tikiparcmoorea.com\/?page_id=8867","name":"Tiki Iti - Tiki Parc Moorea","isPartOf":{"@id":"https:\/\/tikiparcmoorea.com\/#website"},"datePublished":"2017-06-13T06:27:32+00:00","dateModified":"2024-03-07T00:44:31+00:00","description":"Voici notre parcours \u00ab\u00a0Tiki Iti\u00a0\u00bb. Ce parcours sera parfait pour d\u00e9buter et tester notre capacit\u00e9 \u00e0 \u00eatre \u00e0 l\u2019aise avec la hauteur.","breadcrumb":{"@id":"https:\/\/tikiparcmoorea.com\/?page_id=8867#breadcrumb"},"inLanguage":"fr-FR","potentialAction":[{"@type":"ReadAction","target":["https:\/\/tikiparcmoorea.com\/?page_id=8867"]}]},{"@type":"BreadcrumbList","@id":"https:\/\/tikiparcmoorea.com\/?page_id=8867#breadcrumb","itemListElement":[{"@type":"ListItem","position":1,"name":"Accueil","item":"https:\/\/tikiparcmoorea.com\/"},{"@type":"ListItem","position":2,"name":"Tiki Iti"}]},{"@type":"WebSite","@id":"https:\/\/tikiparcmoorea.com\/#website","url":"https:\/\/tikiparcmoorea.com\/","name":"Tiki Parc Moorea","description":"\u00c9vadez-vous","publisher":{"@id":"https:\/\/tikiparcmoorea.com\/#organization"},"potentialAction":[{"@type":"SearchAction","target":{"@type":"EntryPoint","urlTemplate":"https:\/\/tikiparcmoorea.com\/?s={search_term_string}"},"query-input":"required name=search_term_string"}],"inLanguage":"fr-FR"},{"@type":"Organization","@id":"https:\/\/tikiparcmoorea.com\/#organization","name":"Tiki Parc Moorea","url":"https:\/\/tikiparcmoorea.com\/","logo":{"@type":"ImageObject","inLanguage":"fr-FR","@id":"https:\/\/tikiparcmoorea.com\/#\/schema\/logo\/image\/","url":"https:\/\/tikiparcmoorea.com\/wp-content\/uploads\/2025\/08\/LOGO-OFFICIELLE2.png","contentUrl":"https:\/\/tikiparcmoorea.com\/wp-content\/uploads\/2025\/08\/LOGO-OFFICIELLE2.png","width":5000,"height":5000,"caption":"Tiki Parc Moorea"},"image":{"@id":"https:\/\/tikiparcmoorea.com\/#\/schema\/logo\/image\/"},"sameAs":["https:\/\/www.facebook.com\/","https:\/\/www.instagram.com\/"]}]}},"_links":{"self":[{"href":"https:\/\/tikiparcmoorea.com\/index.php?rest_route=\/wp\/v2\/pages\/8867","targetHints":{"allow":["GET"]}}],"collection":[{"href":"https:\/\/tikiparcmoorea.com\/index.php?rest_route=\/wp\/v2\/pages"}],"about":[{"href":"https:\/\/tikiparcmoorea.com\/index.php?rest_route=\/wp\/v2\/types\/page"}],"author":[{"embeddable":true,"href":"https:\/\/tikiparcmoorea.com\/index.php?rest_route=\/wp\/v2\/users\/1"}],"replies":[{"embeddable":true,"href":"https:\/\/tikiparcmoorea.com\/index.php?rest_route=%2Fwp%2Fv2%2Fcomments&post=8867"}],"version-history":[{"count":23,"href":"https:\/\/tikiparcmoorea.com\/index.php?rest_route=\/wp\/v2\/pages\/8867\/revisions"}],"predecessor-version":[{"id":9752,"href":"https:\/\/tikiparcmoorea.com\/index.php?rest_route=\/wp\/v2\/pages\/8867\/revisions\/9752"}],"wp:attachment":[{"href":"https:\/\/tikiparcmoorea.com\/index.php?rest_route=%2Fwp%2Fv2%2Fmedia&parent=8867"}],"curies":[{"name":"wp","href":"https:\/\/api.w.org\/{rel}","templated":true}]}}