{"id":7774,"date":"2016-06-21T06:06:15","date_gmt":"2016-06-21T04:06:15","guid":{"rendered":"http:\/\/wydethemes.com\/gogreen\/?page_id=7774"},"modified":"2025-03-21T21:39:57","modified_gmt":"2025-03-21T20:39:57","slug":"accueil-2-2","status":"publish","type":"page","link":"https:\/\/tikiparcmoorea.com\/","title":{"rendered":"Accueil"},"content":{"rendered":"<p>[vc_row row_style=&#8221;full-width&#8221; padding_size=&#8221;no-padding&#8221;][vc_column padding_size=&#8221;no-padding&#8221; background_color=&#8221;#ffffff&#8221;][rev_slider_vc][\/vc_column][\/vc_row][vc_row row_style=&#8221;full-width&#8221; padding_size=&#8221;no-padding&#8221;][vc_column padding_size=&#8221;no-padding&#8221;][wyde_section_separator style=&#8221;3&#8243; background_color=&#8221;#81d742&#8243; shape_color=&#8221;#3ab54a&#8221;][\/vc_column][\/vc_row][vc_row row_style=&#8221;full-width&#8221; padding_size=&#8221;no-padding&#8221;][vc_column padding_size=&#8221;no-padding&#8221;][vc_empty_space][vc_column_text][\/vc_column_text][wyde_section_separator style=&#8221;4&#8243; background_color=&#8221;#ffffff&#8221; shape_color=&#8221;#3ab54a&#8221;][vc_empty_space height=&#8221;80px&#8221;][\/vc_column][\/vc_row][vc_row row_style=&#8221;full-width&#8221; padding_size=&#8221;no-padding&#8221;][vc_column padding_size=&#8221;no-padding&#8221;][vc_column_text]<\/p>\n<h2 style=\"text-align: center;\"><span style=\"color: #333333;\">Bienvenue<\/span><span style=\"color: #333333;\">\u00a0\/\u00a0<\/span><span style=\"color: #333333;\">Maeva i<\/span><\/h2>\n<h2 style=\"text-align: center;\"><span style=\"color: #333333;\">TIKI PARC MOOREA<\/span><\/h2>\n<p>[\/vc_column_text][\/vc_column][\/vc_row][vc_row text_style=&#8221;light&#8221; padding_size=&#8221;xl-padding&#8221; bg_image_url=&#8221;http:\/\/wydethemes.com\/gogreen\/wp-content\/uploads\/2016\/05\/gogreen-pic-024-150&#215;150.jpg&#8221;][vc_column][vc_column_text]<\/p>\n<h2 style=\"text-align: center;\"><span style=\"color: #333333;\">Nos parcours<\/span><\/h2>\n<p>[\/vc_column_text][vc_row_inner][vc_column_inner offset=&#8221;vc_hidden-md vc_hidden-sm vc_hidden-xs&#8221;][vc_empty_space height=&#8221;50px&#8221;][\/vc_column_inner][\/vc_row_inner][vc_row_inner][vc_column_inner width=&#8221;1\/3&#8243;][vc_single_image alignment=&#8221;center&#8221; onclick=&#8221;custom_link&#8221; image=&#8221;8802&#8243; link=&#8221;https:\/\/tikiparcmoorea.com\/index.php\/initiation\/&#8221; animation=&#8221;tada&#8221; animation_delay=&#8221;0.5&#8243;][vc_empty_space][\/vc_column_inner][vc_column_inner width=&#8221;1\/3&#8243;][vc_single_image alignment=&#8221;center&#8221; onclick=&#8221;custom_link&#8221; image=&#8221;8801&#8243; animation=&#8221;tada&#8221; animation_delay=&#8221;0.8&#8243; link=&#8221;https:\/\/tikiparcmoorea.com\/index.php\/tikitamarii\/&#8221;][vc_empty_space][\/vc_column_inner][vc_column_inner width=&#8221;1\/3&#8243;][vc_single_image alignment=&#8221;center&#8221; onclick=&#8221;custom_link&#8221; image=&#8221;8800&#8243; animation=&#8221;tada&#8221; animation_delay=&#8221;1.1&#8243; link=&#8221;https:\/\/tikiparcmoorea.com\/index.php\/tikifiu\/&#8221;][vc_empty_space][\/vc_column_inner][\/vc_row_inner][vc_row_inner][vc_column_inner width=&#8221;1\/3&#8243;][vc_single_image alignment=&#8221;center&#8221; onclick=&#8221;custom_link&#8221; image=&#8221;8799&#8243; animation=&#8221;tada&#8221; animation_delay=&#8221;1.4&#8243; link=&#8221;https:\/\/tikiparcmoorea.com\/index.php\/tikiiti\/&#8221;][vc_empty_space][\/vc_column_inner][vc_column_inner width=&#8221;1\/3&#8243;][vc_single_image alignment=&#8221;center&#8221; onclick=&#8221;custom_link&#8221; image=&#8221;8798&#8243; animation=&#8221;tada&#8221; animation_delay=&#8221;1.7&#8243; link=&#8221;https:\/\/tikiparcmoorea.com\/index.php\/tikinui\/&#8221;][vc_empty_space][\/vc_column_inner][vc_column_inner width=&#8221;1\/3&#8243;][vc_single_image alignment=&#8221;center&#8221; onclick=&#8221;custom_link&#8221; image=&#8221;8797&#8243; animation=&#8221;tada&#8221; animation_delay=&#8221;2.0&#8243; link=&#8221;https:\/\/tikiparcmoorea.com\/index.php\/tikiaito\/&#8221;][vc_empty_space][\/vc_column_inner][\/vc_row_inner][vc_row_inner][vc_column_inner width=&#8221;1\/3&#8243;][vc_single_image alignment=&#8221;center&#8221; onclick=&#8221;custom_link&#8221; image=&#8221;9278&#8243; animation=&#8221;tada&#8221; animation_delay=&#8221;2.3&#8243; link=&#8221;https:\/\/tikiparcmoorea.com\/index.php\/tiki-manu\/&#8221;][vc_empty_space][\/vc_column_inner][vc_column_inner width=&#8221;1\/3&#8243;][vc_single_image alignment=&#8221;center&#8221; onclick=&#8221;custom_link&#8221; image=&#8221;9658&#8243; animation=&#8221;tada&#8221; animation_delay=&#8221;2.3&#8243; link=&#8221;https:\/\/tikiparcmoorea.com\/index.php\/tikirai\/&#8221;][vc_empty_space][\/vc_column_inner][vc_column_inner width=&#8221;1\/3&#8243;][vc_empty_space][\/vc_column_inner][\/vc_row_inner][vc_row_inner][vc_column_inner offset=&#8221;vc_hidden-md vc_hidden-sm vc_hidden-xs&#8221;][vc_empty_space height=&#8221;50px&#8221;][\/vc_column_inner][\/vc_row_inner][\/vc_column][\/vc_row][vc_row row_style=&#8221;full-width&#8221; padding_size=&#8221;no-padding&#8221;][vc_column padding_size=&#8221;no-padding&#8221;][wyde_section_separator style=&#8221;5&#8243; background_color=&#8221;#ffffff&#8221; shape_color=&#8221;#3ab54a&#8221;][\/vc_column][\/vc_row][vc_row row_style=&#8221;full-width&#8221; padding_size=&#8221;no-padding&#8221;][vc_column padding_size=&#8221;no-padding&#8221;][vc_column_text]<\/p>\n<p style=\"text-align: center;\"><span style=\"font-size: 18pt; color: #808080;\"> Lieux \u00e0 visiter :<br \/>Le belv\u00e9d\u00e8re<br \/>Le lyc\u00e9e agricole<br \/>Les champs d&#8217;ananas<br \/>Le Marae<br \/>Chemins de randonn\u00e9e p\u00e9destre et cycliste<\/span><\/p>\n<p>[\/vc_column_text][vc_empty_space height=&#8221;100px&#8221;][vc_empty_space height=&#8221;80px&#8221;][\/vc_column][\/vc_row][vc_row row_style=&#8221;full-width&#8221; overlap_index=&#8221;50&#8243; padding_size=&#8221;no-padding&#8221;][vc_column padding_size=&#8221;no-padding&#8221;][wyde_section_separator style=&#8221;3&#8243; overlap=&#8221;bottom&#8221; background_color=&#8221;#f5f5f5&#8243; shape_color=&#8221;#cccccc&#8221;][\/vc_column][\/vc_row][vc_row padding_size=&#8221;xl-padding&#8221;][vc_column text_align=&#8221;center&#8221;][vc_row_inner padding_size=&#8221;no-padding&#8221;][vc_column_inner offset=&#8221;vc_hidden-sm vc_hidden-xs&#8221;][vc_empty_space height=&#8221;40px&#8221;][\/vc_column_inner][\/vc_row_inner][vc_row_inner][vc_column_inner width=&#8221;1\/4&#8243;][wyde_counter_box icon_set=&#8221;farming&#8221; value=&#8221;25&#8243; title=&#8221;Tyroliennes&#8221;][\/vc_column_inner][vc_column_inner width=&#8221;1\/4&#8243;][wyde_counter_box icon_set=&#8221;farming&#8221; value=&#8221;25&#8243; title=&#8221;Hauteur maximale&#8221; unit=&#8221;m&#8221;][\/vc_column_inner][vc_column_inner width=&#8221;1\/4&#8243;][wyde_counter_box icon_set=&#8221;farming&#8221; value=&#8221;200&#8243; title=&#8221;Longueur maximale tyrolienne&#8221; unit=&#8221;m&#8221;][\/vc_column_inner][vc_column_inner width=&#8221;1\/4&#8243;][wyde_counter_box icon_set=&#8221;farming&#8221; value=&#8221;3718&#8243; format=&#8221;####.&#8221; title=&#8221;Longueur de cordes en tension&#8221; unit=&#8221;m&#8221;][\/vc_column_inner][\/vc_row_inner][\/vc_column][\/vc_row][vc_row row_style=&#8221;full-width&#8221; overlap_index=&#8221;50&#8243; padding_size=&#8221;no-padding&#8221;][vc_column padding_size=&#8221;no-padding&#8221;][wyde_section_separator style=&#8221;5&#8243; reflect=&#8221;reflect-h&#8221; background_color=&#8221;#ffffff&#8221; shape_color=&#8221;#3ab45a&#8221;][\/vc_column][\/vc_row]<\/p>\n","protected":false},"excerpt":{"rendered":"<p>[vc_row row_style=&#8221;full-width&#8221; padding_size=&#8221;no-padding&#8221;][vc_column padding_size=&#8221;no-padding&#8221; background_color=&#8221;#ffffff&#8221;][rev_slider_vc][\/vc_column][\/vc_row][vc_row row_style=&#8221;full-width&#8221; padding_size=&#8221;no-padding&#8221;][vc_column padding_size=&#8221;no-padding&#8221;][wyde_section_separator style=&#8221;3&#8243; background_color=&#8221;#81d742&#8243; shape_color=&#8221;#3ab54a&#8221;][\/vc_column][\/vc_row][vc_row row_style=&#8221;full-width&#8221; padding_size=&#8221;no-padding&#8221;][vc_column padding_size=&#8221;no-padding&#8221;][vc_empty_space][vc_column_text][\/vc_column_text][wyde_section_separator style=&#8221;4&#8243; background_color=&#8221;#ffffff&#8221; shape_color=&#8221;#3ab54a&#8221;][vc_empty_space height=&#8221;80px&#8221;][\/vc_column][\/vc_row][vc_row row_style=&#8221;full-width&#8221; padding_size=&#8221;no-padding&#8221;][vc_column padding_size=&#8221;no-padding&#8221;][vc_column_text] Bienvenue\u00a0\/\u00a0Maeva i TIKI PARC MOOREA [\/vc_column_text][\/vc_column][\/vc_row][vc_row text_style=&#8221;light&#8221; padding_size=&#8221;xl-padding&#8221; bg_image_url=&#8221;http:\/\/wydethemes.com\/gogreen\/wp-content\/uploads\/2016\/05\/gogreen-pic-024-150&#215;150.jpg&#8221;][vc_column][vc_column_text] Nos parcours [\/vc_column_text][vc_row_inner][vc_column_inner offset=&#8221;vc_hidden-md vc_hidden-sm vc_hidden-xs&#8221;][vc_empty_space height=&#8221;50px&#8221;][\/vc_column_inner][\/vc_row_inner][vc_row_inner][vc_column_inner width=&#8221;1\/3&#8243;][vc_single_image alignment=&#8221;center&#8221; onclick=&#8221;custom_link&#8221; image=&#8221;8802&#8243; link=&#8221;https:\/\/tikiparcmoorea.com\/index.php\/initiation\/&#8221; animation=&#8221;tada&#8221; animation_delay=&#8221;0.5&#8243;][vc_empty_space][\/vc_column_inner][vc_column_inner width=&#8221;1\/3&#8243;][vc_single_image alignment=&#8221;center&#8221; onclick=&#8221;custom_link&#8221; image=&#8221;8801&#8243; animation=&#8221;tada&#8221; animation_delay=&#8221;0.8&#8243; link=&#8221;https:\/\/tikiparcmoorea.com\/index.php\/tikitamarii\/&#8221;][vc_empty_space][\/vc_column_inner][vc_column_inner width=&#8221;1\/3&#8243;][vc_single_image alignment=&#8221;center&#8221; onclick=&#8221;custom_link&#8221; image=&#8221;8800&#8243; [&hellip;]<\/p>\n","protected":false},"author":1,"featured_media":0,"parent":0,"menu_order":0,"comment_status":"closed","ping_status":"closed","template":"","meta":{"_mi_skip_tracking":false,"footnotes":""},"class_list":["post-7774","page","type-page","status-publish","hentry"],"yoast_head":"<!-- This site is optimized with the Yoast SEO plugin v20.1 - https:\/\/yoast.com\/wordpress\/plugins\/seo\/ -->\n<title>Tiki Parc Moorea - Activit\u00e9 accrobranche<\/title>\n<meta name=\"description\" content=\"Bienvenue au Tiki Parc de Moorea. Activit\u00e9 d&#039;accrobranche situ\u00e9 dans la vall\u00e9e d&#039;Opunohu \u00e0 Moorea.Notre parc est accessible \u00e0 tous les \u00e2ges.\" \/>\n<meta name=\"robots\" content=\"index, follow, max-snippet:-1, max-image-preview:large, max-video-preview:-1\" \/>\n<link rel=\"canonical\" href=\"https:\/\/tikiparcmoorea.com\/\" \/>\n<meta property=\"og:locale\" content=\"fr_FR\" \/>\n<meta property=\"og:type\" content=\"article\" \/>\n<meta property=\"og:title\" content=\"Tiki Parc Moorea - Activit\u00e9 accrobranche\" \/>\n<meta property=\"og:description\" content=\"Bienvenue au Tiki Parc de Moorea. Activit\u00e9 d&#039;accrobranche situ\u00e9 dans la vall\u00e9e d&#039;Opunohu \u00e0 Moorea.Notre parc est accessible \u00e0 tous les \u00e2ges.\" \/>\n<meta property=\"og:url\" content=\"https:\/\/tikiparcmoorea.com\/\" \/>\n<meta property=\"og:site_name\" content=\"Tiki Parc Moorea\" \/>\n<meta property=\"article:publisher\" content=\"https:\/\/www.facebook.com\/\" \/>\n<meta property=\"article:modified_time\" content=\"2025-03-21T20:39:57+00:00\" \/>\n<meta name=\"twitter:card\" content=\"summary_large_image\" \/>\n<meta name=\"twitter:label1\" content=\"Dur\u00e9e de lecture estim\u00e9e\" \/>\n\t<meta name=\"twitter:data1\" content=\"1 minute\" \/>\n<script type=\"application\/ld+json\" class=\"yoast-schema-graph\">{\"@context\":\"https:\/\/schema.org\",\"@graph\":[{\"@type\":\"WebPage\",\"@id\":\"https:\/\/tikiparcmoorea.com\/\",\"url\":\"https:\/\/tikiparcmoorea.com\/\",\"name\":\"Tiki Parc Moorea - Activit\u00e9 accrobranche\",\"isPartOf\":{\"@id\":\"https:\/\/tikiparcmoorea.com\/#website\"},\"datePublished\":\"2016-06-21T04:06:15+00:00\",\"dateModified\":\"2025-03-21T20:39:57+00:00\",\"description\":\"Bienvenue au Tiki Parc de Moorea. Activit\u00e9 d'accrobranche situ\u00e9 dans la vall\u00e9e d'Opunohu \u00e0 Moorea.Notre parc est accessible \u00e0 tous les \u00e2ges.\",\"breadcrumb\":{\"@id\":\"https:\/\/tikiparcmoorea.com\/#breadcrumb\"},\"inLanguage\":\"fr-FR\",\"potentialAction\":[{\"@type\":\"ReadAction\",\"target\":[\"https:\/\/tikiparcmoorea.com\/\"]}]},{\"@type\":\"BreadcrumbList\",\"@id\":\"https:\/\/tikiparcmoorea.com\/#breadcrumb\",\"itemListElement\":[{\"@type\":\"ListItem\",\"position\":1,\"name\":\"Accueil\",\"item\":\"https:\/\/tikiparcmoorea.com\/\"},{\"@type\":\"ListItem\",\"position\":2,\"name\":\"Accueil\"}]},{\"@type\":\"WebSite\",\"@id\":\"https:\/\/tikiparcmoorea.com\/#website\",\"url\":\"https:\/\/tikiparcmoorea.com\/\",\"name\":\"Tiki Parc Moorea\",\"description\":\"\u00c9vadez-vous\",\"publisher\":{\"@id\":\"https:\/\/tikiparcmoorea.com\/#organization\"},\"potentialAction\":[{\"@type\":\"SearchAction\",\"target\":{\"@type\":\"EntryPoint\",\"urlTemplate\":\"https:\/\/tikiparcmoorea.com\/?s={search_term_string}\"},\"query-input\":\"required name=search_term_string\"}],\"inLanguage\":\"fr-FR\"},{\"@type\":\"Organization\",\"@id\":\"https:\/\/tikiparcmoorea.com\/#organization\",\"name\":\"Tiki Parc Moorea\",\"url\":\"https:\/\/tikiparcmoorea.com\/\",\"logo\":{\"@type\":\"ImageObject\",\"inLanguage\":\"fr-FR\",\"@id\":\"https:\/\/tikiparcmoorea.com\/#\/schema\/logo\/image\/\",\"url\":\"https:\/\/tikiparcmoorea.com\/wp-content\/uploads\/2025\/08\/LOGO-OFFICIELLE2.png\",\"contentUrl\":\"https:\/\/tikiparcmoorea.com\/wp-content\/uploads\/2025\/08\/LOGO-OFFICIELLE2.png\",\"width\":5000,\"height\":5000,\"caption\":\"Tiki Parc Moorea\"},\"image\":{\"@id\":\"https:\/\/tikiparcmoorea.com\/#\/schema\/logo\/image\/\"},\"sameAs\":[\"https:\/\/www.facebook.com\/\",\"https:\/\/www.instagram.com\/\"]}]}<\/script>\n<!-- \/ Yoast SEO plugin. -->","yoast_head_json":{"title":"Tiki Parc Moorea - Activit\u00e9 accrobranche","description":"Bienvenue au Tiki Parc de Moorea. Activit\u00e9 d'accrobranche situ\u00e9 dans la vall\u00e9e d'Opunohu \u00e0 Moorea.Notre parc est accessible \u00e0 tous les \u00e2ges.","robots":{"index":"index","follow":"follow","max-snippet":"max-snippet:-1","max-image-preview":"max-image-preview:large","max-video-preview":"max-video-preview:-1"},"canonical":"https:\/\/tikiparcmoorea.com\/","og_locale":"fr_FR","og_type":"article","og_title":"Tiki Parc Moorea - Activit\u00e9 accrobranche","og_description":"Bienvenue au Tiki Parc de Moorea. Activit\u00e9 d'accrobranche situ\u00e9 dans la vall\u00e9e d'Opunohu \u00e0 Moorea.Notre parc est accessible \u00e0 tous les \u00e2ges.","og_url":"https:\/\/tikiparcmoorea.com\/","og_site_name":"Tiki Parc Moorea","article_publisher":"https:\/\/www.facebook.com\/","article_modified_time":"2025-03-21T20:39:57+00:00","twitter_card":"summary_large_image","twitter_misc":{"Dur\u00e9e de lecture estim\u00e9e":"1 minute"},"schema":{"@context":"https:\/\/schema.org","@graph":[{"@type":"WebPage","@id":"https:\/\/tikiparcmoorea.com\/","url":"https:\/\/tikiparcmoorea.com\/","name":"Tiki Parc Moorea - Activit\u00e9 accrobranche","isPartOf":{"@id":"https:\/\/tikiparcmoorea.com\/#website"},"datePublished":"2016-06-21T04:06:15+00:00","dateModified":"2025-03-21T20:39:57+00:00","description":"Bienvenue au Tiki Parc de Moorea. Activit\u00e9 d'accrobranche situ\u00e9 dans la vall\u00e9e d'Opunohu \u00e0 Moorea.Notre parc est accessible \u00e0 tous les \u00e2ges.","breadcrumb":{"@id":"https:\/\/tikiparcmoorea.com\/#breadcrumb"},"inLanguage":"fr-FR","potentialAction":[{"@type":"ReadAction","target":["https:\/\/tikiparcmoorea.com\/"]}]},{"@type":"BreadcrumbList","@id":"https:\/\/tikiparcmoorea.com\/#breadcrumb","itemListElement":[{"@type":"ListItem","position":1,"name":"Accueil","item":"https:\/\/tikiparcmoorea.com\/"},{"@type":"ListItem","position":2,"name":"Accueil"}]},{"@type":"WebSite","@id":"https:\/\/tikiparcmoorea.com\/#website","url":"https:\/\/tikiparcmoorea.com\/","name":"Tiki Parc Moorea","description":"\u00c9vadez-vous","publisher":{"@id":"https:\/\/tikiparcmoorea.com\/#organization"},"potentialAction":[{"@type":"SearchAction","target":{"@type":"EntryPoint","urlTemplate":"https:\/\/tikiparcmoorea.com\/?s={search_term_string}"},"query-input":"required name=search_term_string"}],"inLanguage":"fr-FR"},{"@type":"Organization","@id":"https:\/\/tikiparcmoorea.com\/#organization","name":"Tiki Parc Moorea","url":"https:\/\/tikiparcmoorea.com\/","logo":{"@type":"ImageObject","inLanguage":"fr-FR","@id":"https:\/\/tikiparcmoorea.com\/#\/schema\/logo\/image\/","url":"https:\/\/tikiparcmoorea.com\/wp-content\/uploads\/2025\/08\/LOGO-OFFICIELLE2.png","contentUrl":"https:\/\/tikiparcmoorea.com\/wp-content\/uploads\/2025\/08\/LOGO-OFFICIELLE2.png","width":5000,"height":5000,"caption":"Tiki Parc Moorea"},"image":{"@id":"https:\/\/tikiparcmoorea.com\/#\/schema\/logo\/image\/"},"sameAs":["https:\/\/www.facebook.com\/","https:\/\/www.instagram.com\/"]}]}},"_links":{"self":[{"href":"https:\/\/tikiparcmoorea.com\/index.php?rest_route=\/wp\/v2\/pages\/7774","targetHints":{"allow":["GET"]}}],"collection":[{"href":"https:\/\/tikiparcmoorea.com\/index.php?rest_route=\/wp\/v2\/pages"}],"about":[{"href":"https:\/\/tikiparcmoorea.com\/index.php?rest_route=\/wp\/v2\/types\/page"}],"author":[{"embeddable":true,"href":"https:\/\/tikiparcmoorea.com\/index.php?rest_route=\/wp\/v2\/users\/1"}],"replies":[{"embeddable":true,"href":"https:\/\/tikiparcmoorea.com\/index.php?rest_route=%2Fwp%2Fv2%2Fcomments&post=7774"}],"version-history":[{"count":165,"href":"https:\/\/tikiparcmoorea.com\/index.php?rest_route=\/wp\/v2\/pages\/7774\/revisions"}],"predecessor-version":[{"id":9819,"href":"https:\/\/tikiparcmoorea.com\/index.php?rest_route=\/wp\/v2\/pages\/7774\/revisions\/9819"}],"wp:attachment":[{"href":"https:\/\/tikiparcmoorea.com\/index.php?rest_route=%2Fwp%2Fv2%2Fmedia&parent=7774"}],"curies":[{"name":"wp","href":"https:\/\/api.w.org\/{rel}","templated":true}]}}